f 28 and s.
7
Let r = -24 - -24. Suppose 2*u - 67 = -3*f + 57, r = 5*f + u - 209. Calculate the highest common factor of 28 and f.
14
Let g = -17 - -20. Let t be (-2)/g - (-1022)/21. Let a = 6 + t. Calculate the greatest common divisor of a and 18.
18
Let b(k) = -7*k + 27. Let r be b(5). Let o be (r/(-5))/(3/75). Calculate the highest common divisor of o and 60.
20
Let d be 3/2*78/9. Suppose 4*z = 2*c + 7 + 21, 0 = z - 2*c - d. What is the greatest common divisor of 55 and z?
5
Let r be -5*(-4 + (-168)/10). Let u = -71 + r. Let d = u + -5. Calculate the highest common divisor of d and 4.
4
Let u be -13 - 912/(-28 + 12). Let a be (23 - 2/2)*1. What is the greatest common factor of a and u?
22
Suppose -3*y = 52 - 16. Let g be ((-4)/(-8))/((-3)/y). Let a = 13 - g. What is the greatest common factor of 99 and a?
11
Let m = -1085 - -495. Let k be (48/40)/((-3)/m). Let b = -134 + k. Calculate the greatest common divisor of b and 17.
17
Let n be 1 + (-2 + 1077 - -5). What is the greatest common divisor of n and 23?
23
Let n be 30/(4 - 7)*-19. What is the greatest common divisor of n and 10?
10
Let y = -1193 + 1220. Calculate the greatest common divisor of y and 2133.
27
Let z(g) = g**2 + 6*g - 6. Let r be z(-7). Let p be r*16 + (-1)/(-1). Calculate the greatest common divisor of 68 and p.
17
Let x(r) = 4*r - 15. Let o be x(5). Suppose -3*c + 2*f = 8 - 63, c + 4*f + o = 0. Calculate the greatest common divisor of 135 and c.
15
Let f be 6*1*(-3)/9. Let u be f/(-3) - 242/(-33). Let n = 22 - u. Calculate the greatest common factor of 42 and n.
14
Let g = -1 - 1. Let l be (17 + -20)*(-1 + g/3). Let h = 22 + 18. Calculate the highest common factor of l and h.
5
Let h(l) = -l**3 - 3*l**2 + 13*l - 24. Let b be h(-7). Calculate the greatest common divisor of 3 and b.
3
Let y be 2/((2*-1)/(-26)). Let k(f) = 3*f**2 + 4. Let h(i) = 2*i - 16. Let l be h(6). Let m be k(l). Calculate the greatest common divisor of m and y.
26
Let i(w) be the second derivative of w**4/12 - w**3/2 - 3*w**2/2 - 17*w. Let l be i(5). What is the greatest common divisor of 63 and l?
7
Suppose 7*i = 2*i + 425. Let d be (-4)/6*(-51)/8*4. What is the highest common factor of i and d?
17
Suppose -3*c + 362 = 2*z + 2*z, -2*z - c = -182. Let h = z + 18. What is the highest common factor of 10 and h?
10
Suppose 3*j + 5*j - 1440 = 0. Calculate the highest common factor of j and 144.
36
Let h = 235 + -211. Calculate the greatest common factor of h and 96.
24
Let g(t) = -4*t + 70. Let v be g(17). Suppose 4*h + v*j = 668, -5*j = -h + 85 + 60. Calculate the greatest common divisor of 15 and h.
15
Suppose -5*k + p = 6*p - 190, 2*k - p - 85 = 0. Let d = k - 1. Calculate the greatest common divisor of d and 8.
8
Let c(g) = 7*g - 4 - 2*g - g - 3*g. Let w be c(4). Let r(s) = s + 5. Let p be r(w). Calculate the highest common divisor of p and 5.
5
Let g be (-14 + 2)/((-10)/15). What is the highest common divisor of g and 42?
6
Let g = 710 + -596. What is the greatest common factor of g and 6?
6
Suppose -3*g + 12 = -24. What is the highest common factor of 3 and g?
3
Let k be 10/((-54)/(-36)*1/6). Let u be 0 - 13 - (-10)/(-5). Let o = u + 31. What is the greatest common factor of o and k?
8
Let q(i) = -i**2 + 9*i + 6. Let g be q(6). Suppose -7*h + 3*h = -4*w + g, 5*w - 32 = 4*h. What is the highest common divisor of 88 and w?
8
Let q = 14 - 8. Let j = 36 + -42. Let i be j/(-8)*6/45*20. Calculate the greatest common factor of q and i.
2
Suppose -4 = -5*x + 21. Suppose -4*o - 1 + 0 = -k, -2*o + 5*k - x = 0. Suppose -5*u + 47 + 3 = o. Calculate the highest common factor of u and 10.
10
Suppose -v = 2*g - 10 - 1, -v - 5 = -2*g. Suppose -2*t + 1 = -v*t, -51 = -4*z - t. Calculate the highest common divisor of z and 13.
13
Let l(v) = 14 - 127*v - 2 + 224*v - 109*v. Let r be 5/(1 - (0 + 2)). Let c be l(r). What is the greatest common factor of c and 9?
9
Let v(p) = -p**3 + 9*p**2 + 5*p - 24. Let d be v(4). What is the greatest common divisor of 133 and d?
19
Suppose -2*d = -4*v + 69 + 93, 0 = 4*v - 3*d - 165. Suppose -5*u = 5*c - 15, 57*c = -2*u + 60*c + 21. Calculate the highest common divisor of u and v.
3
Let x = -101 - -170. Suppose -4*s - 5*j = -174, -4*s - 2*j = j - 178. What is the highest common divisor of s and x?
23
Let n(j) = -j**3 - 11*j**2 + 6*j + 76. Let h be n(-11). Calculate the highest common divisor of 110 and h.
10
Let d(g) = 2*g**2 - 13*g - 30. Let h be d(-6). What is the greatest common divisor of 15 and h?
15
Suppose 522 = 8*n - 2*n. Let h be 6/16 + n/24. What is the greatest common factor of h and 44?
4
Let z(l) = l**2 - 4*l - 3. Let j be z(5). Let y(r) = -1 - 8 + 3 - j*r - 4*r**2 + 10*r**2. Let m be y(6). What is the highest common factor of 22 and m?
22
Suppose -5*c + 105 = 5*a, 0*c = -5*a + c + 87. Let x = 4896 + -4698. What is the highest common divisor of a and x?
18
Suppose -2*j = -10, -14*l - 2*j = -17*l + 350. Calculate the highest common divisor of 18 and l.
6
Suppose f = d - 9 + 37, -3*d = 2*f + 94. Let p be -3*(-4)/d*-15. What is the highest common divisor of 42 and p?
6
Let c be (1/(1/(-3)))/(8/(-24)). Suppose -205 = -c*v - 7. Calculate the highest common factor of v and 2.
2
Let m(n) = n**3 - n**2 - 3*n - 8. Let q be m(4). What is the greatest common factor of 7 and q?
7
Suppose 15*f - 975 = -0*f. Calculate the greatest common divisor of f and 20.
5
Let i be -4 + 3 - -11 - -2. Suppose -4*v + v + i = 0. Suppose 4*x = 4*s - 252, 54 + 198 = 4*s + v*x. What is the highest common divisor of s and 7?
7
Suppose 52*z = 60*z - 104. Calculate the highest common factor of 39 and z.
13
Let g be (-2620)/(-12) + 2/15*5. What is the highest common divisor of g and 146?
73
Suppose 3 = -p + 22. Let t = 12 + p. Calculate the highest common divisor of t and 248.
31
Let s be ((-12)/(-12))/1 - -6. Suppose g = 4*b + 15, -2*g + 5*b - 19 + 46 = 0. Let o be g/9 + (-4)/18. What is the greatest common factor of s and o?
1
Let d(s) = -2*s**3 - 15*s**2 - 25*s - 9. Let n be d(-6). Let f(y) = -73*y - 2. Let o be f(-5). Calculate the greatest common factor of n and o.
33
Let y(o) = 3*o**2 + 2*o - 4. Let h be y(-3). Suppose 0 = 17*d - 12*d + 2325. Let i = -329 - d. What is the greatest common divisor of i and h?
17
Let n = 254 - 239. Calculate the greatest common factor of n and 20.
5
Suppose -o + 40 = 4*r - 579, 0 = -5*r + 5*o + 755. Calculate the greatest common factor of r and 126.
14
Let d be (-3)/12 + 27/12. Let m(f) = -f**2 - 28*f - 26. Let i be m(-27). What is the highest common divisor of d and i?
1
Suppose 71*t - 61*t = 90. What is the greatest common factor of 1017 and t?
9
Let w = 17 - 14. Suppose -w*z = -10*z + 385. What is the greatest common factor of 22 and z?
11
Suppose -4*k - 5*o + 5282 = 0, -3*o - 6 = -0*o. Let r be (-3)/(-4) + k/28. What is the greatest common divisor of 6 and r?
6
Let d(x) = -26*x + 24. Let m be d(7). Let t be m/8 - 2/8. Let w = t + 24. What is the greatest common factor of w and 32?
4
Let s(m) = -m**2 + 13*m - 8. Let i be s(11). Suppose 2*j - 5*j + 84 = 0. Calculate the greatest common divisor of j and i.
14
Suppose 540 = 66*g - 61*g. Suppose 0 = -5*o - 3*v + 582, 2*o - 129 = 3*v + g. What is the greatest common factor of 26 and o?
13
Let b be (2/(40/(-15)))/(5/(-420)). Calculate the greatest common factor of 1029 and b.
21
Suppose -g + 4*c + c = -9, 4*c + 68 = 4*g. Suppose 4*f - g = -7. What is the greatest common divisor of f and 27?
3
Let w(j) = -j**3 + 4*j**2 + 7*j + 1. Let o be w(5). Let r(z) = -13*z - 55 + z**2 + z + 15*z. Let y be r(8). What is the highest common factor of y and o?
11
Let u = 14 + -46. Let s = u + 38. What is the greatest common factor of 15 and s?
3
Suppose 9 = 2*u + 1. Suppose -2*c + m = 3*c - 193, -u*m = 4*c - 164. Let l be 43/3 - 13/c. What is the highest common divisor of 42 and l?
14
Let x(l) = 3*l**2 - 12*l + 1. Let y be x(5). Suppose -4*h = -7 - 1, -5*h = s - y. Suppose -38 = -2*i + 46. What is the greatest common divisor of i and s?
6
Let g = -20 - -23. Suppose 6*j - 36 = -g*j. Let x(c) = 3*c - 1. Let p be x(1). What is the greatest common factor of j and p?
2
Suppose 0 = 2*g - c + 2*c + 2, -2*c - 4 = -5*g. Let t(a) = 1 - 22*a + 55*a - 17*a - 18*a. Let d be t(g). What is the greatest common divisor of 7 and d?
1
Suppose -2*w = -4*v - 6*